{"id":4353,"date":"2026-03-16T22:19:02","date_gmt":"2026-03-16T21:19:02","guid":{"rendered":"https:\/\/xn--blstakammarkr-pfb0y.se\/?page_id=4353"},"modified":"2026-03-27T15:43:08","modified_gmt":"2026-03-27T14:43:08","slug":"kommande-konserter","status":"publish","type":"page","link":"https:\/\/xn--blstakammarkr-pfb0y.se\/","title":{"rendered":"Kommande konserter"},"content":{"rendered":"<div class=\"wp-block-image\">\n<figure class=\"aligncenter size-full\"><img loading=\"lazy\" decoding=\"async\" width=\"542\" height=\"768\" src=\"https:\/\/xn--blstakammarkr-pfb0y.se\/wp-content\/uploads\/2026\/03\/Varkonsert_2026b.png\" alt=\"\" class=\"wp-image-4372\" srcset=\"https:\/\/xn--blstakammarkr-pfb0y.se\/wp-content\/uploads\/2026\/03\/Varkonsert_2026b.png 542w, https:\/\/xn--blstakammarkr-pfb0y.se\/wp-content\/uploads\/2026\/03\/Varkonsert_2026b-212x300.png 212w\" sizes=\"auto, (max-width: 542px) 100vw, 542px\" \/><\/figure>\n<\/div>\n\n\n<p><strong>K\u00f6p biljetter h\u00e4r:<\/strong><\/p>\n\n\n\n<p><a href=\"https:\/\/kulturbiljetter.se\/evenemang\/8677\/monica-dominique-g%C3%A4star-b%C3%A5lsta-kammark%C3%B6r\">https:\/\/kulturbiljetter.se\/evenemang\/8677\/monica-dominique-g%C3%A4star-b%C3%A5lsta-kammark%C3%B6r<\/a><\/p>\n\n\n\n<p><strong>Monica Dominque<\/strong>&nbsp;har med sin rika musikalitet, m\u00e5ngsidighet och l\u00e5nga historia blivit ett unikum i svenskt musikliv.&nbsp;Beg\u00e5vad med absolut geh\u00f6r kunde hon redan vid fyra \u00e5rs \u00e5lder, spela klassisk musik som \u201dDonauwellen\u201d (Ion Ivanovici). Hennes musikaliska beg\u00e5vning tog henne&nbsp;i ung \u00e5lder till Adolf Fredriks Musikklasser och d\u00e4refter till Musikh\u00f6gskolan \u201dAckis\u201d i Stockholm. D\u00e4r studerade hon klassiskt pianospel men l\u00e4rde sig ocks\u00e5 k\u00f6r- och orkesterdirigering och mycket mer.<\/p>\n\n\n\n<p>Musikh\u00f6gskolan var ocks\u00e5 d\u00e4r hon tr\u00e4ffade sin blivande man Carl-Axel Dominique. Tillsammans med bland andra Tommy K\u00f6rberg startade de musikgruppen Solar Plexus, 1969. Musiksverige placerade in gruppen i jazz-fusion och proggruppkatagorin. Enligt Dominique sj\u00e4lv spelade de \u201dtotalmusik\u201d. \u00c5ren 1967 till 1969 var hon \u00e4ven medlem i s\u00e5nggruppen Gals and Pals. Under den h\u00e4r tiden kom hon in p\u00e5 teateryrket och gjorde flera filmroller fr\u00e5n sent 70-tal, bland annat i&nbsp;<em>Repm\u00e5nad<\/em>&nbsp;(Lasse \u00c5berg, 1979) och&nbsp;<em>Monopol<\/em>&nbsp;(Claes Eriksson, 1996).<\/p>\n\n\n\n<p>Dominique har mottagit en m\u00e4ngd priser och utm\u00e4rkelser, bland annat Svenska Jazzriksf\u00f6rbundets Lifetime Achievement 2013, Musikf\u00f6rl\u00e4ggarnas hederspris 2014, Monica Z-stipendiet 2015, Olle Adolphson-stipendiet 2016 samt P2\u2019s Guldkatten. 2016 valdes hon in i Swedish Music Hall of Fame.&nbsp;I dag \u00e4r hon verksam i en jazzduo med sin bror Palle Danielsson, spelar fyrh\u00e4ndigt piano med maken Carl-Axel och har sedan n\u00e5gra \u00e5r tillbaka ocks\u00e5 \u00e5terv\u00e4nt till Hammondorgeln med trion DLB. Hon har \u00e4ven komponerat sviter f\u00f6r storband och specialskrivit musik till barnteaterpj\u00e4ser.<\/p>\n\n\n\n<p><strong>B\u00e5lsta kammark\u00f6r<\/strong>, under ledning av&nbsp;Gunnar Klum, \u00e4r en frist\u00e5ende k\u00f6r med ca&nbsp;30 s\u00e5ngare. K\u00f6ren&nbsp;framf\u00f6r&nbsp;flera av de stora klassiska k\u00f6rverken, men \u00e4ven&nbsp;jazz, gospel, visor och profanmusik.&nbsp;<\/p>\n\n\n\n<p>K\u00f6ren har gjort ett flertal k\u00f6rresor genom \u00e5ren s\u00e5v\u00e4l inom landet som utomlands (nordiska l\u00e4nderna, Tyskland, Ungern, Italien, Irland, Spanien, Polen, \u00d6sterrike, Frankrike, Tjeckien) och har d\u00e4r haft uppskattade konserter.<\/p>\n\n\n\n<p><strong>Gunnar Klum<\/strong>&nbsp;\u00e4r utbildad vid musikh\u00f6gskolorna i G\u00f6teborg och Stockholm samt vid Guildhall School of Music and Drama. Tv\u00e5 g\u00e5nger har han blivit utsedd till kulturstipendiat i Uppsala stad. 2019 fick han \u00e4ven H\u00e5bo kommuns kulturstipendium. Debutskivan&nbsp;<em>Schubert Lieder<\/em>&nbsp;har blivit kritikerrosad i svensk och internationell press. Sedan 2015 \u00e4r Gunnar Klum dirigent f\u00f6r B\u00e5lsta Kammark\u00f6r.<\/p>\n\n\n\n<p><em>Arrangemanget genomf\u00f6rs i samarbete med L\u00e4nsf\u00f6rs\u00e4kringar, H\u00e5bo kommun och Studief\u00f6rbundet Vuxenskolan<\/em>.<\/p>\n\n\n\n<p><strong>27\/6 Junikv\u00e4ll i barockens skimmer. Kl 1730-2130 Skokloster slott<\/strong>&nbsp;<\/p>\n\n\n\n<p>K\u00f6ren medverkar i inledningen, i pauser och i avslutningen p\u00e5 barockfestivalskv\u00e4llen med tidstrogen, sj\u00e4lfull och medryckande k\u00f6rmusik.<\/p>\n\n\n\n<p><strong>24\/10&nbsp;Haydns lilla orgelm\u00e4ssa mm&nbsp;&#8211; V\u00e4sterl\u00f6vsta eller Nora kyrka<\/strong><\/p>\n\n\n\n<p>Mer info kommer i n\u00e4rtid.<\/p>\n\n\n\n<p><\/p>\n","protected":false},"excerpt":{"rendered":"<p>K\u00f6p biljetter h\u00e4r: https:\/\/kulturbiljetter.se\/evenemang\/8677\/monica-dominique-g%C3%A4star-b%C3%A5lsta-kammark%C3%B6r Monica Dominque&nbsp;har med sin rika musikalitet, m\u00e5ngsidighet och l\u00e5nga historia blivit ett unikum i svenskt musikliv.&nbsp;Beg\u00e5vad med absolut geh\u00f6r kunde hon redan vid fyra \u00e5rs \u00e5lder, spela klassisk musik som \u201dDonauwellen\u201d (Ion Ivanovici). Hennes musikaliska beg\u00e5vning tog henne&nbsp;i ung \u00e5lder till Adolf Fredriks Musikklasser och d\u00e4refter till Musikh\u00f6gskolan \u201dAckis\u201d i Stockholm. &hellip; <a href=\"https:\/\/xn--blstakammarkr-pfb0y.se\/\" class=\"more-link\">Forts\u00e4tt l\u00e4sa <span class=\"screen-reader-text\">Kommande konserter<\/span> <span class=\"meta-nav\">&rarr;<\/span><\/a><\/p>\n","protected":false},"author":1,"featured_media":0,"parent":0,"menu_order":0,"comment_status":"closed","ping_status":"closed","template":"","meta":{"footnotes":""},"class_list":["post-4353","page","type-page","status-publish","hentry"],"_links":{"self":[{"href":"https:\/\/xn--blstakammarkr-pfb0y.se\/index.php?rest_route=\/wp\/v2\/pages\/4353","targetHints":{"allow":["GET"]}}],"collection":[{"href":"https:\/\/xn--blstakammarkr-pfb0y.se\/index.php?rest_route=\/wp\/v2\/pages"}],"about":[{"href":"https:\/\/xn--blstakammarkr-pfb0y.se\/index.php?rest_route=\/wp\/v2\/types\/page"}],"author":[{"embeddable":true,"href":"https:\/\/xn--blstakammarkr-pfb0y.se\/index.php?rest_route=\/wp\/v2\/users\/1"}],"replies":[{"embeddable":true,"href":"https:\/\/xn--blstakammarkr-pfb0y.se\/index.php?rest_route=%2Fwp%2Fv2%2Fcomments&post=4353"}],"version-history":[{"count":4,"href":"https:\/\/xn--blstakammarkr-pfb0y.se\/index.php?rest_route=\/wp\/v2\/pages\/4353\/revisions"}],"predecessor-version":[{"id":4373,"href":"https:\/\/xn--blstakammarkr-pfb0y.se\/index.php?rest_route=\/wp\/v2\/pages\/4353\/revisions\/4373"}],"wp:attachment":[{"href":"https:\/\/xn--blstakammarkr-pfb0y.se\/index.php?rest_route=%2Fwp%2Fv2%2Fmedia&parent=4353"}],"curies":[{"name":"wp","href":"https:\/\/api.w.org\/{rel}","templated":true}]}}