{"id":3921,"date":"2025-08-26T21:25:29","date_gmt":"2025-08-26T20:25:29","guid":{"rendered":"https:\/\/xn--blstakammarkr-pfb0y.se\/?page_id=3921"},"modified":"2026-01-19T22:35:24","modified_gmt":"2026-01-19T21:35:24","slug":"korsangare-sokes","status":"publish","type":"page","link":"https:\/\/xn--blstakammarkr-pfb0y.se\/?page_id=3921","title":{"rendered":"K\u00f6rs\u00e5ngare s\u00f6kes"},"content":{"rendered":"\n<p><\/p>\n\n\n\n<p><\/p>\n\n\n\n<figure class=\"wp-block-gallery aligncenter has-nested-images columns-default is-cropped wp-block-gallery-1 is-layout-flex wp-block-gallery-is-layout-flex\">\n<figure class=\"wp-block-image size-large\"><img loading=\"lazy\" decoding=\"async\" width=\"1024\" height=\"615\" data-id=\"622\" src=\"https:\/\/xn--blstakammarkr-pfb0y.se\/wp-content\/uploads\/2017\/10\/DSF6438-1024x615.jpg\" alt=\"\" class=\"wp-image-622\" srcset=\"https:\/\/xn--blstakammarkr-pfb0y.se\/wp-content\/uploads\/2017\/10\/DSF6438-1024x615.jpg 1024w, https:\/\/xn--blstakammarkr-pfb0y.se\/wp-content\/uploads\/2017\/10\/DSF6438-300x180.jpg 300w, https:\/\/xn--blstakammarkr-pfb0y.se\/wp-content\/uploads\/2017\/10\/DSF6438-768x462.jpg 768w, https:\/\/xn--blstakammarkr-pfb0y.se\/wp-content\/uploads\/2017\/10\/DSF6438-1536x923.jpg 1536w, https:\/\/xn--blstakammarkr-pfb0y.se\/wp-content\/uploads\/2017\/10\/DSF6438-2048x1231.jpg 2048w\" sizes=\"auto, (max-width: 1024px) 100vw, 1024px\" \/><\/figure>\n<\/figure>\n\n\n\n<p>Hej du glada s\u00e5ngf\u00e5gel!<br><br>Sitter du hemma utan en k\u00f6r i livet?<br>S\u00e5 kan vi inte ha det&#8230;<br>V\u00e4lkommen till B\u00e5lsta Kammark\u00f6r &#8211; en frist\u00e5ende blandad k\u00f6r med h\u00f6ga ambitioner!<br>Hos oss f\u00e5r du sjunga en bred repertoar fylld av klassisk musik, jazz, gospel, musikal och s\u00e5 mycket mer!<br>V\u00e5r k\u00f6rledare och s\u00e5ngpedagog Gunnar Klum leder din r\u00f6st till nya niv\u00e5er och inspirerar till en h\u00e4lsosam, nyt\u00e4nkande och utvecklande k\u00f6rs\u00e5ng.<br>Vi tr\u00e4ffas varje torsdag kl 19-21.30 i Bj\u00f6rks\u00e4terkyrkan, Kapellgatan 2 B\u00e5lsta.<br>Vi s\u00f6ker just nu dig &#8211; med k\u00f6rvana och notl\u00e4sningsf\u00f6rm\u00e5ga. Alla st\u00e4mmor \u00e4r v\u00e4lkomna!<br>Den 22\/1 och 29\/1 mellan kl 17.30 och 18.30 \u00e4r du v\u00e4lkommen att prova dina s\u00e5ngvingar hos oss!<br>Intresserad?<br>H\u00f6r av dig till Gunnar p\u00e5 Mejl: <a href=\"mailto:gunnar@klum.nu\">gunnar@klum.nu<\/a> Telefon: 0707720945<br>Vi \u00f6nskar dig v\u00e4lkommen till v\u00e5rt glada g\u00e4ng korister<\/p>\n\n\n\n<p><\/p>\n","protected":false},"excerpt":{"rendered":"<p>Hej du glada s\u00e5ngf\u00e5gel! Sitter du hemma utan en k\u00f6r i livet?S\u00e5 kan vi inte ha det&#8230;V\u00e4lkommen till B\u00e5lsta Kammark\u00f6r &#8211; en frist\u00e5ende blandad k\u00f6r med h\u00f6ga ambitioner!Hos oss f\u00e5r du sjunga en bred repertoar fylld av klassisk musik, jazz, gospel, musikal och s\u00e5 mycket mer!V\u00e5r k\u00f6rledare och s\u00e5ngpedagog Gunnar Klum leder din r\u00f6st till &hellip; <a href=\"https:\/\/xn--blstakammarkr-pfb0y.se\/?page_id=3921\" class=\"more-link\">Forts\u00e4tt l\u00e4sa <span class=\"screen-reader-text\">K\u00f6rs\u00e5ngare s\u00f6kes<\/span> <span class=\"meta-nav\">&rarr;<\/span><\/a><\/p>\n","protected":false},"author":1,"featured_media":0,"parent":0,"menu_order":0,"comment_status":"closed","ping_status":"closed","template":"","meta":{"footnotes":""},"class_list":["post-3921","page","type-page","status-publish","hentry"],"_links":{"self":[{"href":"https:\/\/xn--blstakammarkr-pfb0y.se\/index.php?rest_route=\/wp\/v2\/pages\/3921","targetHints":{"allow":["GET"]}}],"collection":[{"href":"https:\/\/xn--blstakammarkr-pfb0y.se\/index.php?rest_route=\/wp\/v2\/pages"}],"about":[{"href":"https:\/\/xn--blstakammarkr-pfb0y.se\/index.php?rest_route=\/wp\/v2\/types\/page"}],"author":[{"embeddable":true,"href":"https:\/\/xn--blstakammarkr-pfb0y.se\/index.php?rest_route=\/wp\/v2\/users\/1"}],"replies":[{"embeddable":true,"href":"https:\/\/xn--blstakammarkr-pfb0y.se\/index.php?rest_route=%2Fwp%2Fv2%2Fcomments&post=3921"}],"version-history":[{"count":4,"href":"https:\/\/xn--blstakammarkr-pfb0y.se\/index.php?rest_route=\/wp\/v2\/pages\/3921\/revisions"}],"predecessor-version":[{"id":4202,"href":"https:\/\/xn--blstakammarkr-pfb0y.se\/index.php?rest_route=\/wp\/v2\/pages\/3921\/revisions\/4202"}],"wp:attachment":[{"href":"https:\/\/xn--blstakammarkr-pfb0y.se\/index.php?rest_route=%2Fwp%2Fv2%2Fmedia&parent=3921"}],"curies":[{"name":"wp","href":"https:\/\/api.w.org\/{rel}","templated":true}]}}