{"id":3581,"date":"2024-10-14T12:36:27","date_gmt":"2024-10-14T10:36:27","guid":{"rendered":"https:\/\/www.balstakammarkor.se\/?page_id=3581"},"modified":"2025-08-27T19:24:03","modified_gmt":"2025-08-27T18:24:03","slug":"det-svanger-mot-jul","status":"publish","type":"page","link":"https:\/\/xn--blstakammarkr-pfb0y.se\/?page_id=3581","title":{"rendered":"Det sv\u00e4nger mot jul"},"content":{"rendered":"\n<p>H\u00e4r kan man se hela konserten:<\/p>\n\n\n\n<figure class=\"wp-block-embed is-type-video is-provider-youtube wp-block-embed-youtube wp-embed-aspect-16-9 wp-has-aspect-ratio\"><div class=\"wp-block-embed__wrapper\">\n<iframe loading=\"lazy\" title=\"Julkonsert B\u00e5lsta multikam test v2\" width=\"474\" height=\"267\" src=\"https:\/\/www.youtube.com\/embed\/vWenpT4Q-Cs?feature=oembed\" frameborder=\"0\" allow=\"accelerometer; autoplay; clipboard-write; encrypted-media; gyroscope; picture-in-picture; web-share\" referrerpolicy=\"strict-origin-when-cross-origin\" allowfullscreen><\/iframe>\n<\/div><\/figure>\n\n\n\n<figure class=\"wp-block-embed is-type-video is-provider-youtube wp-block-embed-youtube wp-embed-aspect-16-9 wp-has-aspect-ratio\"><div class=\"wp-block-embed__wrapper\">\n<iframe loading=\"lazy\" title=\"Julkonsert B\u00e5lsta multikam test forts v2 2\" width=\"474\" height=\"267\" src=\"https:\/\/www.youtube.com\/embed\/QIqVjHBaDMI?feature=oembed\" frameborder=\"0\" allow=\"accelerometer; autoplay; clipboard-write; encrypted-media; gyroscope; picture-in-picture; web-share\" referrerpolicy=\"strict-origin-when-cross-origin\" allowfullscreen><\/iframe>\n<\/div><\/figure>\n\n\n<div class=\"wp-block-image\">\n<figure class=\"aligncenter is-resized\"><img decoding=\"async\" src=\"https:\/\/www.balstakammarkor.se\/wp-content\/uploads\/2024\/10\/Det-sva\u0308nger-mot-jul-clipped-770x1024.png\" alt=\"\" class=\"wp-image-3580\" style=\"width:482px;height:642px\"\/><\/figure>\n<\/div>\n\n\n<figure class=\"wp-block-table .wp-block-table td, th{ border: none; }\"><table><tbody><tr><td><strong>Plats<\/strong><\/td><td>Frideg\u00e5rdsscenen, Centrumgr\u00e4nd 5, B\u00e5lsta<\/td><\/tr><tr><td><strong>Tid<\/strong><\/td><td>30\/11-2024 kl. 15.00<br><\/td><\/tr><tr><td><strong>Pris<\/strong><\/td><td>150 sek, f\u00f6rk\u00f6p via <a href=\"https:\/\/kulturbiljetter.se\/evenemang\/7472\/det-sv%C3%A4nger-mot-jul\">Kulturbiljetter.se<\/a><\/td><\/tr><\/tbody><\/table><\/figure>\n\n\n\n<h2 class=\"wp-block-heading\">Om artisterna<\/h2>\n\n\n\n<div class=\"wp-block-media-text alignwide has-media-on-the-right\"><div class=\"wp-block-media-text__content\">\n<h4 class=\"wp-block-heading has-text-align-left\"><strong>Mattias Gunnari<\/strong><\/h4>\n\n\n\n<p>Mattias \u00e4r tenor fr\u00e5n Str\u00e4ngn\u00e4s och numera bosatt i Stockholm. Mattias har framtr\u00e4tt som Prinsen i Sn\u00f6drottningen vid Kungliga Operan och som Flavio i Norma p\u00e5 Folkoperan i Stockholm. Mattias har studerat vid Operah\u00f6gskolan i Stockholm, Kungliga Musikh\u00f6gskolan och Musikh\u00f6gskolan i \u00d6rebro.<\/p>\n<\/div><figure class=\"wp-block-media-text__media\"><img decoding=\"async\" src=\"https:\/\/www.balstakammarkor.se\/wp-content\/uploads\/2023\/11\/MattiasGunnari-874x1024.jpg\" alt=\"\" class=\"wp-image-3213 size-full\"\/><\/figure><\/div>\n\n\n\n<div class=\"wp-block-media-text alignwide\"><figure class=\"wp-block-media-text__media\"><img decoding=\"async\" src=\"https:\/\/www.balstakammarkor.se\/wp-content\/uploads\/2024\/10\/Ulf-Johansson-Werre-square.png\" alt=\"\" class=\"wp-image-3583 size-full\"\/><\/figure><div class=\"wp-block-media-text__content\">\n<h4 class=\"wp-block-heading\">Ulf Johansson Werre<\/h4>\n\n\n\n<p>Ulf Johansson Werre \u00e4r pianist, trombonist, vokalist, komposit\u00f6r, arrang\u00f6r och orkesterledare som f\u00e5r det att sv\u00e4nga ordentligt!<\/p>\n<\/div><\/div>\n\n\n\n<div class=\"wp-block-media-text alignwide has-media-on-the-right\"><div class=\"wp-block-media-text__content\">\n<h4 class=\"wp-block-heading\">La Femme<\/h4>\n\n\n\n<p>En ensemble med s\u00e5ngen i centrum. Utbildade p\u00e5 Musikh\u00f6gskola med fl\u00f6jt, cello, orgel och s\u00e5ng. Nyfiket samspel, en blandning av genre och instrument, lekfulla arrangemang k\u00e4nnetecknar gruppen: <br>Ammi Hedman, Helena Jacobs\u00e9n, Nina Granat och Nena Hallgren.<\/p>\n<\/div><figure class=\"wp-block-media-text__media\"><img decoding=\"async\" src=\"https:\/\/www.balstakammarkor.se\/wp-content\/uploads\/2024\/10\/La-Femme-Square-1024x1024.png\" alt=\"\" class=\"wp-image-3584 size-full\"\/><\/figure><\/div>\n\n\n\n<h2 class=\"wp-block-heading\">Vi vill rikta ett tack till<\/h2>\n\n\n\n<figure class=\"wp-block-image is-resized\"><img decoding=\"async\" src=\"https:\/\/www.balstakammarkor.se\/wp-content\/uploads\/2024\/10\/Ha\u030abo-Vapen_liggande_fa\u0308rg.jpg\" alt=\"\" class=\"wp-image-3590\" style=\"width:343px;height:129px\"\/><\/figure>\n\n\n\n<figure class=\"wp-block-image is-resized\"><img decoding=\"async\" src=\"https:\/\/www.balstakammarkor.se\/wp-content\/uploads\/2024\/10\/logga_ho\u0308gupplo\u0308st_rev_9.1-1024x305.png\" alt=\"\" class=\"wp-image-3591\" style=\"width:338px;height:101px\"\/><\/figure>\n\n\n\n<figure class=\"wp-block-image\"><img decoding=\"async\" src=\"https:\/\/www.balstakammarkor.se\/wp-content\/uploads\/2024\/10\/sv_logo_black.png\" alt=\"\" class=\"wp-image-3589\"\/><\/figure>\n","protected":false},"excerpt":{"rendered":"<p>H\u00e4r kan man se hela konserten: Plats Frideg\u00e5rdsscenen, Centrumgr\u00e4nd 5, B\u00e5lsta Tid 30\/11-2024 kl. 15.00 Pris 150 sek, f\u00f6rk\u00f6p via Kulturbiljetter.se Om artisterna Mattias Gunnari Mattias \u00e4r tenor fr\u00e5n Str\u00e4ngn\u00e4s och numera bosatt i Stockholm. Mattias har framtr\u00e4tt som Prinsen i Sn\u00f6drottningen vid Kungliga Operan och som Flavio i Norma p\u00e5 Folkoperan i Stockholm. Mattias &hellip; <a href=\"https:\/\/xn--blstakammarkr-pfb0y.se\/?page_id=3581\" class=\"more-link\">Forts\u00e4tt l\u00e4sa <span class=\"screen-reader-text\">Det sv\u00e4nger mot jul<\/span> <span class=\"meta-nav\">&rarr;<\/span><\/a><\/p>\n","protected":false},"author":1,"featured_media":0,"parent":3577,"menu_order":1,"comment_status":"closed","ping_status":"closed","template":"","meta":{"footnotes":""},"class_list":["post-3581","page","type-page","status-publish","hentry"],"_links":{"self":[{"href":"https:\/\/xn--blstakammarkr-pfb0y.se\/index.php?rest_route=\/wp\/v2\/pages\/3581","targetHints":{"allow":["GET"]}}],"collection":[{"href":"https:\/\/xn--blstakammarkr-pfb0y.se\/index.php?rest_route=\/wp\/v2\/pages"}],"about":[{"href":"https:\/\/xn--blstakammarkr-pfb0y.se\/index.php?rest_route=\/wp\/v2\/types\/page"}],"author":[{"embeddable":true,"href":"https:\/\/xn--blstakammarkr-pfb0y.se\/index.php?rest_route=\/wp\/v2\/users\/1"}],"replies":[{"embeddable":true,"href":"https:\/\/xn--blstakammarkr-pfb0y.se\/index.php?rest_route=%2Fwp%2Fv2%2Fcomments&post=3581"}],"version-history":[{"count":3,"href":"https:\/\/xn--blstakammarkr-pfb0y.se\/index.php?rest_route=\/wp\/v2\/pages\/3581\/revisions"}],"predecessor-version":[{"id":3956,"href":"https:\/\/xn--blstakammarkr-pfb0y.se\/index.php?rest_route=\/wp\/v2\/pages\/3581\/revisions\/3956"}],"up":[{"embeddable":true,"href":"https:\/\/xn--blstakammarkr-pfb0y.se\/index.php?rest_route=\/wp\/v2\/pages\/3577"}],"wp:attachment":[{"href":"https:\/\/xn--blstakammarkr-pfb0y.se\/index.php?rest_route=%2Fwp%2Fv2%2Fmedia&parent=3581"}],"curies":[{"name":"wp","href":"https:\/\/api.w.org\/{rel}","templated":true}]}}